{"id":4,"date":"2014-12-12T10:10:12","date_gmt":"2014-12-12T10:10:12","guid":{"rendered":"http:\/\/demo.select-themes.com\/cabin2\/?page_id=4"},"modified":"2023-08-28T16:00:21","modified_gmt":"2023-08-28T16:00:21","slug":"home","status":"publish","type":"page","link":"https:\/\/www.vedharma.de\/vedharma\/","title":{"rendered":"Home"},"content":{"rendered":"<h2 style=\"text-align: center;\">UNSERE T\u00c4TIGKEITSFELDER<\/h2>\n<h5 style=\"text-align: center;\">Bildung, Frieden, Soziales, globales Miteinander, Interkulturalit\u00e4t, Gesundheit, Salutogenese,<\/h5>\n<h5 style=\"text-align: center;\">Humanit\u00e4re Hilfe, Soziale Sicherheit, Umwelt, Klimawandel und Entwicklung<\/h5>\n<h1 style=\"text-align: center;\">BILDUNG &amp; SOZIALES<\/h1>\n<p>Bildung dient der vollst\u00e4ndigen Entwicklung der Kinder und Jugendlichen. Nachhaltige Bildung, die Bewusstsein, Werte, Einstellung, ethische Werte, emphatisches Verhalten und Charakterbildung beinhaltet. Ziel unserer Aktivit\u00e4ten ist die Schaffung g\u00fcnstigerer Voraussetzungen f\u00fcr die Entfaltung menschlicher Potenziale, speziell im Bereich Erziehung und Bildung sowie auf der Ebene der politischen und wirtschaftlichen F\u00fchrung. Aus- und Weiterbildung im Bereich der Kommunikation und F\u00fchrung. Basierend auf einem positives Lernumfeld \u2013 gepr\u00e4gt durch gegenseitige Unterst\u00fctzung und Achtsamkeit \u2013 jedem Mitglied die M\u00f6glichkeit zu geben, Kommunikationsf\u00e4higkeiten und F\u00fchrungsqualit\u00e4ten zu erlernen. In der Integrationsarbeit mit Migranten, vermitteln wir auch Deutsch f\u00fcr Ausl\u00e4nder. Inklusive Lernsettings f\u00f6rdern die Gehirnentwicklung, Deshalb setzen wir uns auch f\u00fcr gehirngerechtes Lernern und Beziehungslernen ein.<\/p>\n<h1 style=\"text-align: center;\">&#8220;FRIEDEN&#8221;<\/h1>\n<p>&#8220;Utopie, Idee, Vision oder Ma\u00dfnahmen? Frieden erfordert eine Entscheidung. Es ist eine kontinuierliche innere und \u00e4u\u00dfere Auseinandersetzung in einer Welt der Ver\u00e4nderung. Dieser Vorgang betrifft alle Nationen, einzelne Staaten, eine Stadt oder eine Dorfgemeinschaft, eine Familie oder eben den einzelnen Menschen. Frieden ergibt sich zum Beispiel daraus, wie wir Menschen miteinander umgehen, wie achtsam und gewaltfrei wir kommunizieren, wie wir uns in Konflikten verhalten oder wie wir uns gegen\u00fcber unserer Umwelt und der Natur verhalten. Frieden basiert auf Gewaltlosigkeit, dem Prinzip von AHIMSA. \u201eSei Du selbst die Ver\u00e4nderung, die Du Dir w\u00fcnschst f\u00fcr diese Welt.\u201c Mahatma Gandhi&#8221;<\/p>\n<h1 style=\"text-align: center;\">&#8220;UMWELT &amp; KLIMAWANDEL&#8221;<\/h1>\n<p>Die nat\u00fcrlichen Lebensr\u00e4ume der Erde werden in nie dagewesener Geschwindigkeit zerst\u00f6rt. Waldrodungen, Brandrodungen, Wasserverschmutzung, Plastikberge, Luftverschmutzung. Wenn der Verbrauch an nat\u00fcrlichen Ressourcen so weitergeht wie bisher, werden wir bis zum Jahr 2050 zwei Planeten ben\u00f6tigen, um unsere Bed\u00fcrfnisse nach Nahrung, Energie und Infrastruktur zu decken. Grund genug, durch aktiven Naturschutz gegenzusteuern! Doch wie kann das gesehen? Wir setzen uns f\u00fcr einen Wandel im Denken ein, der als Konsequenz auch eine Ver\u00e4nderung im Verhalten und den damit verbundenen positiven Konsequenz f\u00fcr die Umwelt darstellt. In konkreten Projekten unterst\u00fctzen wir \u00d6kotourismus, Naturreservate in S\u00fcdamerika und \u00f6kologisch- nachhaltige Landwirtschaft.<\/p>\n<h1 style=\"text-align: center;\">&#8220;INTERKULTURALIT\u00c4T&#8221;<\/h1>\n<p>Interkulturelle Kompetenz ist die F\u00e4higkeit, mit Individuen und Gruppen anderer Kulturen erfolgreich und angemessen zu interagieren, im engeren Sinne die F\u00e4higkeit zum beidseitig zufriedenstellenden Umgang mit Menschen unterschiedlicher kultureller Orientierung. Diese F\u00e4higkeit kann schon in jungen Jahren vorhanden sein oder im Rahmen der Enkulturation (direkte und indirekte Erziehung) auch entwickelt und gef\u00f6rdert werden. Dieser Prozess wird als interkulturelles Lernen bezeichnet. Die Basis f\u00fcr erfolgreiche interkulturelle Kommunikation ist emotionale Kompetenz und interkulturelle Sensibilit\u00e4t. Interkulturell kompetent ist eine Person, die bei der Zusammenarbeit mit Menschen aus ihr fremden Kulturen deren spezifische Konzepte der Wahrnehmung, des Denkens, F\u00fchlens und Handelns erfasst und begreift. Fr\u00fchere Erfahrungen werden so weit wie m\u00f6glich frei von Vorurteilen miteinbezogen und erweitert, w\u00e4hrend gleichzeitig eine Haltung der Offenheit und des Lernens w\u00e4hrend des interkulturellen Kontakts notwendig ist. Interkulturelle Kompetenzen werden nicht von feststehenden Kulturen aus definiert, sondern beziehen sich gerade auf kulturelle Differenzen, die in unterschiedlicher Weise in jeder Gruppe von Menschen vorkommen. In der Regel ist immer von Mischformen auszugehen. Durch unsere Arbeit f\u00f6rdern wir Ma\u00dfnahmen zum interkulturellen Miteinander, Abbau von Missverst\u00e4ndnissen und Vorurteilen, den Gedanken der Toleranz und des Respektes in unseren Gesellschaften zu verbreiten , kulturelle Bewahrung &#8211; Regeneration und Integrit\u00e4t zu unterst\u00fctzen.<\/p>\n<p><a href=\"http:\/\/www.vedharma.de\/dialog-der-kulturen\/\">Dialog der Kulturen<\/a><\/p>\n<h1 style=\"text-align: center;\">&#8220;Lebensr\u00e4ume&#8221;<\/h1>\n<p>Die Qualit\u00e4t unserer Lebensr\u00e4ume tr\u00e4gt zu unserem Wohlbefinden bei. Im ung\u00fcnstigen Fall kann folgendes entstehen: \u2022 Angst, Depression \u2022 Krankheit, chronische Krankheit \u2022 Blockierte Kreativit\u00e4t \u2022 Ungl\u00fcck, finanzielle Verluste \u2022 Behinderung von Fortschritt und Erfolg \u2022 Disharmonie in Beziehungen, Zerbrechen von Familien \u2022 Unsoziales Verhalten und sogar kriminelle Tendenzen. Das kann verhindert werden. Ziel sollte sein: \u2022 Gute Gesundheit, Wohlstand und Gl\u00fccklichsein f\u00fcr jedermann. \u2022 Zunehmend mehr Gl\u00fcck, gutes Ansehen. \u2022 Wohlstand und Reichtum. \u2022 Dauerhafter geistiger Frieden und Wohlbefinden \u2022 Zunehmende Kreativit\u00e4t und Erfolg. \u2022 Harmonische Beziehungen und gro\u00dfen Komfort. \u2022 Koh\u00e4rentes Denken und Entscheiden. \u2022 Keine Probleme im privaten und beruflichen Leben. Wir forschen nach Ursachen und L\u00f6sungen.<\/p>\n<h1 style=\"text-align: center;\">&#8220;Gesundheit &amp; Salutogenese&#8221;<\/h1>\n<p>Gesundheit ist mehr als nur die Abwesenheit von Krankheit. Nach dem Salutogenese-Modell ist Gesundheit nicht als Zustand, sondern als Prozess zu verstehen. Welche erprobten und nat\u00fcrlichen Heilmethoden sind hilfreich? Welche Formen von Komplement\u00e4rmedizin gibt es in anderen und \u00e4lteren Kulturen, die f\u00fcr die heutige Zeit anwendbar sind? Worin liegt der Wert der Gesundheitsprophylaxe? Gesunde Ern\u00e4hrung. Bio, Flexitarismus, Veganismus oder Vegetarismus. Was zeichnet die Weltern\u00e4hrung der n\u00e4chsten 100 Jahre aus. Gibt es Hinweise f\u00fcr die Ern\u00e4hrungspolitik? Ziele: Stressbew\u00e4ltigung, Stressmanagementmethoden, Methoden, um psychisch belastenden Stress zu verringern oder ganz abzubauen, Hilfe bei Post-Traumatische Belastungsst\u00f6rungen, (PTBS), Posttraumatic stress disorder (PTSD), Resilienzf\u00f6rderung. Programme zur Herstellung von Work-Life-Sence Balence. Mentaltraining, Yoga, <a href=\"http:\/\/www.vedharma.de\/vital-self-meditation\/\">Vital Self Meditation.<\/a><\/p>\n<h2 style=\"text-align: left;\">\u00dcBER UNS<\/h2>\n<p style=\"text-align: left;\"><strong>Netzwerk f\u00fcr Bildung, Frieden, Soziales und globales Miteinander\u00a0<\/strong><\/p>\n<p style=\"text-align: left;\">Unsere Idee verfolgt ausschlie\u00dflich und unmittelbar mildt\u00e4tige und gemeinn\u00fctzige Zwecke, insbesondere die F\u00f6rderung der Entwicklungshilfe, im Sinne des Abschnitts \u201eSteuerbeg\u00fcnstigte Zwecke\u201c der Abgabenordnung (AO).<\/p>\n<p>[<\/p>\n<h2 style=\"text-align: left;\">UNSERE SCHWERPUNKTE<\/h2>\n<p style=\"text-align: left;\"><strong>Bildung, Frieden, Soziales, globales Miteinander, Interkulturalit\u00e4t, Gesundheit, Salutogenese, Humanit\u00e4re Hilfe, Soziale Sicherheit, Umwelt, Klimawandel und nachhaltige \u00f6konomische Entwicklung, menschliche Entwicklung, Selbstwirksamkeit des Individuums, <\/strong><b>Empowerment.<\/b><\/p>\n<h2 style=\"text-align: center;\">UNSER TEAM<\/h2>\n<h5 style=\"text-align: center;\">Gr\u00fcnder und Impulsgeber Joachim Nusch<\/h5>\n<p>Joachim Nusch, Initiator, Chairman<\/p>\n<p>More than a Speaker. Experte f\u00fcr gesellschaftliche Ver\u00e4nderung. Werteorientierung, interkulturelle Kommunikaiton und VEdanta<\/p>\n<p>Joachim Nusch. Sri Jyoti. Sanskriti Seva Samman. Internationaler Leiter, Vorsitzender und Pr\u00e4sident, der Vedic Research Education Society, (Varanasi \/ Indien), Vedharma-Institut, (Deutschland), The Light of Varanasi Bewegung (Das Licht von Varanasi) und Vital Self Meditation, Sprecher und Autor, Mentaltrainer, Coach, Meditationsexperte. Er lehrt seit 1973 Meditation und ist Experte in der vedischen Wissenschaft, Yoga, Ayurveda, Jyotish, Vastu, u.a. Weisheitslehren der indischen Philosophie, Ashtanga nach Patanjali, Advaita, Vishishtadvaita, Samkhya.<span style=\"color: #ffffff;\">ESTIMONIALS<\/span><\/p>\n<h2 style=\"text-align: center;\">SO FINDEN SIE UNS<\/h2>\n<p style=\"text-align: center;\"><strong>In der N\u00e4he zur Gro\u00dfstadt K\u00f6ln<\/strong><\/p>\n<p><strong>VEDHARMA Netzwerk<\/strong><br \/>\nAm Flie\u00df 21 | 50181 Bedburg<\/p>\n<p>TELEFON &amp; FAX<\/p>\n<p>Information<br \/>\n+49 (0) 2463 9973 -66 | +49 (0) 2463 6528808<\/p>\n<p>Anrufe aus dem Ausland:<br \/>\n+ 49 2463 7948701<\/p>\n<p>+49 (0)2463 9936337<\/p>\n<p>Email:<\/p>\n<div class=\"wpb_text_column wpb_content_element \">\n<div class=\"wpb_wrapper\">\n<p>info@vedharma.de<\/p>\n<\/div>\n<\/div>\n","protected":false},"excerpt":{"rendered":"<p>UNSERE T\u00c4TIGKEITSFELDER Bildung, Frieden, Soziales, globales Miteinander, Interkulturalit\u00e4t, Gesundheit, Salutogenese, Humanit\u00e4re Hilfe, Soziale Sicherheit, Umwelt, Klimawandel und Entwicklung BILDUNG &amp; SOZIALES Bildung dient der vollst\u00e4ndigen Entwicklung der Kinder und Jugendlichen. Nachhaltige Bildung, die Bewusstsein, Werte, Einstellung, ethische Werte, emphatisches Verhalten und Charakterbildung beinhaltet. Ziel unserer Aktivit\u00e4ten ist die Schaffung g\u00fcnstigerer Voraussetzungen f\u00fcr die Entfaltung menschlicher Potenziale, speziell im Bereich Erziehung und Bildung sowie auf der Ebene der politischen und wirtschaftlichen F\u00fchrung. Aus- und Weiterbildung im Bereich der Kommunikation und F\u00fchrung. Basierend auf einem positives Lernumfeld \u2013 gepr\u00e4gt durch gegenseitige Unterst\u00fctzung und Achtsamkeit \u2013 jedem Mitglied die M\u00f6glichkeit zu geben, Kommunikationsf\u00e4higkeiten und F\u00fchrungsqualit\u00e4ten zu erlernen. In der Integrationsarbeit mit Migranten, vermitteln wir auch Deutsch f\u00fcr Ausl\u00e4nder. Inklusive Lernsettings f\u00f6rdern die Gehirnentwicklung, Deshalb setzen wir uns auch f\u00fcr gehirngerechtes Lernern und Beziehungslernen&#8230;<\/p>\n","protected":false},"author":1,"featured_media":0,"parent":0,"menu_order":0,"comment_status":"open","ping_status":"open","template":"full_width.php","meta":{"_monsterinsights_skip_tracking":false,"_monsterinsights_sitenote_active":false,"_monsterinsights_sitenote_note":"","_monsterinsights_sitenote_category":0,"jetpack_post_was_ever_published":false,"footnotes":""},"class_list":["post-4","page","type-page","status-publish","hentry"],"aioseo_notices":[],"jetpack-related-posts":[],"jetpack_sharing_enabled":true,"_links":{"self":[{"href":"https:\/\/www.vedharma.de\/vedharma\/wp-json\/wp\/v2\/pages\/4","targetHints":{"allow":["GET"]}}],"collection":[{"href":"https:\/\/www.vedharma.de\/vedharma\/wp-json\/wp\/v2\/pages"}],"about":[{"href":"https:\/\/www.vedharma.de\/vedharma\/wp-json\/wp\/v2\/types\/page"}],"author":[{"embeddable":true,"href":"https:\/\/www.vedharma.de\/vedharma\/wp-json\/wp\/v2\/users\/1"}],"replies":[{"embeddable":true,"href":"https:\/\/www.vedharma.de\/vedharma\/wp-json\/wp\/v2\/comments?post=4"}],"version-history":[{"count":54,"href":"https:\/\/www.vedharma.de\/vedharma\/wp-json\/wp\/v2\/pages\/4\/revisions"}],"predecessor-version":[{"id":50900,"href":"https:\/\/www.vedharma.de\/vedharma\/wp-json\/wp\/v2\/pages\/4\/revisions\/50900"}],"wp:attachment":[{"href":"https:\/\/www.vedharma.de\/vedharma\/wp-json\/wp\/v2\/media?parent=4"}],"curies":[{"name":"wp","href":"https:\/\/api.w.org\/{rel}","templated":true}]}}

<h2 style="text-align: center;">UNSERE TÄTIGKEITSFELDER</h2>
<h5 style="text-align: center;">Bildung, Frieden, Soziales, globales Miteinander, Interkulturalität, Gesundheit, Salutogenese,</h5>
<h5 style="text-align: center;">Humanitäre Hilfe, Soziale Sicherheit, Umwelt, Klimawandel und Entwicklung</h5>
<h1 style="text-align: center;">BILDUNG &amp; SOZIALES</h1>
<p>Bildung dient der vollständigen Entwicklung der Kinder und Jugendlichen. Nachhaltige Bildung, die Bewusstsein, Werte, Einstellung, ethische Werte, emphatisches Verhalten und Charakterbildung beinhaltet. Ziel unserer Aktivitäten ist die Schaffung günstigerer Voraussetzungen für die Entfaltung menschlicher Potenziale, speziell im Bereich Erziehung und Bildung sowie auf der Ebene der politischen und wirtschaftlichen Führung. Aus- und Weiterbildung im Bereich der Kommunikation und Führung. Basierend auf einem positives Lernumfeld – geprägt durch gegenseitige Unterstützung und Achtsamkeit – jedem Mitglied die Möglichkeit zu geben, Kommunikationsfähigkeiten und Führungsqualitäten zu erlernen. In der Integrationsarbeit mit Migranten, vermitteln wir auch Deutsch für Ausländer. Inklusive Lernsettings fördern die Gehirnentwicklung, Deshalb setzen wir uns auch für gehirngerechtes Lernern und Beziehungslernen ein.</p>
<h1 style="text-align: center;">&#8220;FRIEDEN&#8221;</h1>
<p>&#8220;Utopie, Idee, Vision oder Maßnahmen? Frieden erfordert eine Entscheidung. Es ist eine kontinuierliche innere und äußere Auseinandersetzung in einer Welt der Veränderung. Dieser Vorgang betrifft alle Nationen, einzelne Staaten, eine Stadt oder eine Dorfgemeinschaft, eine Familie oder eben den einzelnen Menschen. Frieden ergibt sich zum Beispiel daraus, wie wir Menschen miteinander umgehen, wie achtsam und gewaltfrei wir kommunizieren, wie wir uns in Konflikten verhalten oder wie wir uns gegenüber unserer Umwelt und der Natur verhalten. Frieden basiert auf Gewaltlosigkeit, dem Prinzip von AHIMSA. „Sei Du selbst die Veränderung, die Du Dir wünschst für diese Welt.“ Mahatma Gandhi&#8221;</p>
<h1 style="text-align: center;">&#8220;UMWELT &amp; KLIMAWANDEL&#8221;</h1>
<p>Die natürlichen Lebensräume der Erde werden in nie dagewesener Geschwindigkeit zerstört. Waldrodungen, Brandrodungen, Wasserverschmutzung, Plastikberge, Luftverschmutzung. Wenn der Verbrauch an natürlichen Ressourcen so weitergeht wie bisher, werden wir bis zum Jahr 2050 zwei Planeten benötigen, um unsere Bedürfnisse nach Nahrung, Energie und Infrastruktur zu decken. Grund genug, durch aktiven Naturschutz gegenzusteuern! Doch wie kann das gesehen? Wir setzen uns für einen Wandel im Denken ein, der als Konsequenz auch eine Veränderung im Verhalten und den damit verbundenen positiven Konsequenz für die Umwelt darstellt. In konkreten Projekten unterstützen wir Ökotourismus, Naturreservate in Südamerika und ökologisch- nachhaltige Landwirtschaft.</p>
<h1 style="text-align: center;">&#8220;INTERKULTURALITÄT&#8221;</h1>
<p>Interkulturelle Kompetenz ist die Fähigkeit, mit Individuen und Gruppen anderer Kulturen erfolgreich und angemessen zu interagieren, im engeren Sinne die Fähigkeit zum beidseitig zufriedenstellenden Umgang mit Menschen unterschiedlicher kultureller Orientierung. Diese Fähigkeit kann schon in jungen Jahren vorhanden sein oder im Rahmen der Enkulturation (direkte und indirekte Erziehung) auch entwickelt und gefördert werden. Dieser Prozess wird als interkulturelles Lernen bezeichnet. Die Basis für erfolgreiche interkulturelle Kommunikation ist emotionale Kompetenz und interkulturelle Sensibilität. Interkulturell kompetent ist eine Person, die bei der Zusammenarbeit mit Menschen aus ihr fremden Kulturen deren spezifische Konzepte der Wahrnehmung, des Denkens, Fühlens und Handelns erfasst und begreift. Frühere Erfahrungen werden so weit wie möglich frei von Vorurteilen miteinbezogen und erweitert, während gleichzeitig eine Haltung der Offenheit und des Lernens während des interkulturellen Kontakts notwendig ist. Interkulturelle Kompetenzen werden nicht von feststehenden Kulturen aus definiert, sondern beziehen sich gerade auf kulturelle Differenzen, die in unterschiedlicher Weise in jeder Gruppe von Menschen vorkommen. In der Regel ist immer von Mischformen auszugehen. Durch unsere Arbeit fördern wir Maßnahmen zum interkulturellen Miteinander, Abbau von Missverständnissen und Vorurteilen, den Gedanken der Toleranz und des Respektes in unseren Gesellschaften zu verbreiten , kulturelle Bewahrung &#8211; Regeneration und Integrität zu unterstützen.</p>
<p><a href="http://www.vedharma.de/dialog-der-kulturen/">Dialog der Kulturen</a></p>
<h1 style="text-align: center;">&#8220;Lebensräume&#8221;</h1>
<p>Die Qualität unserer Lebensräume trägt zu unserem Wohlbefinden bei. Im ungünstigen Fall kann folgendes entstehen: • Angst, Depression • Krankheit, chronische Krankheit • Blockierte Kreativität • Unglück, finanzielle Verluste • Behinderung von Fortschritt und Erfolg • Disharmonie in Beziehungen, Zerbrechen von Familien • Unsoziales Verhalten und sogar kriminelle Tendenzen. Das kann verhindert werden. Ziel sollte sein: • Gute Gesundheit, Wohlstand und Glücklichsein für jedermann. • Zunehmend mehr Glück, gutes Ansehen. • Wohlstand und Reichtum. • Dauerhafter geistiger Frieden und Wohlbefinden • Zunehmende Kreativität und Erfolg. • Harmonische Beziehungen und großen Komfort. • Kohärentes Denken und Entscheiden. • Keine Probleme im privaten und beruflichen Leben. Wir forschen nach Ursachen und Lösungen.</p>
<h1 style="text-align: center;">&#8220;Gesundheit &amp; Salutogenese&#8221;</h1>
<p>Gesundheit ist mehr als nur die Abwesenheit von Krankheit. Nach dem Salutogenese-Modell ist Gesundheit nicht als Zustand, sondern als Prozess zu verstehen. Welche erprobten und natürlichen Heilmethoden sind hilfreich? Welche Formen von Komplementärmedizin gibt es in anderen und älteren Kulturen, die für die heutige Zeit anwendbar sind? Worin liegt der Wert der Gesundheitsprophylaxe? Gesunde Ernährung. Bio, Flexitarismus, Veganismus oder Vegetarismus. Was zeichnet die Welternährung der nächsten 100 Jahre aus. Gibt es Hinweise für die Ernährungspolitik? Ziele: Stressbewältigung, Stressmanagementmethoden, Methoden, um psychisch belastenden Stress zu verringern oder ganz abzubauen, Hilfe bei Post-Traumatische Belastungsstörungen, (PTBS), Posttraumatic stress disorder (PTSD), Resilienzförderung. Programme zur Herstellung von Work-Life-Sence Balence. Mentaltraining, Yoga, <a href="http://www.vedharma.de/vital-self-meditation/">Vital Self Meditation.</a></p>
<h2 style="text-align: left;">ÜBER UNS</h2>
<p style="text-align: left;"><strong>Netzwerk für Bildung, Frieden, Soziales und globales Miteinander </strong></p>
<p style="text-align: left;">Unsere Idee verfolgt ausschließlich und unmittelbar mildtätige und gemeinnützige Zwecke, insbesondere die Förderung der Entwicklungshilfe, im Sinne des Abschnitts „Steuerbegünstigte Zwecke“ der Abgabenordnung (AO).</p>
<p>[</p>
<h2 style="text-align: left;">UNSERE SCHWERPUNKTE</h2>
<p style="text-align: left;"><strong>Bildung, Frieden, Soziales, globales Miteinander, Interkulturalität, Gesundheit, Salutogenese, Humanitäre Hilfe, Soziale Sicherheit, Umwelt, Klimawandel und nachhaltige ökonomische Entwicklung, menschliche Entwicklung, Selbstwirksamkeit des Individuums, </strong><b>Empowerment.</b></p>
<h2 style="text-align: center;">UNSER TEAM</h2>
<h5 style="text-align: center;">Gründer und Impulsgeber Joachim Nusch</h5>
<p>Joachim Nusch, Initiator, Chairman</p>
<p>More than a Speaker. Experte für gesellschaftliche Veränderung. Werteorientierung, interkulturelle Kommunikaiton und VEdanta</p>
<p>Joachim Nusch. Sri Jyoti. Sanskriti Seva Samman. Internationaler Leiter, Vorsitzender und Präsident, der Vedic Research Education Society, (Varanasi / Indien), Vedharma-Institut, (Deutschland), The Light of Varanasi Bewegung (Das Licht von Varanasi) und Vital Self Meditation, Sprecher und Autor, Mentaltrainer, Coach, Meditationsexperte. Er lehrt seit 1973 Meditation und ist Experte in der vedischen Wissenschaft, Yoga, Ayurveda, Jyotish, Vastu, u.a. Weisheitslehren der indischen Philosophie, Ashtanga nach Patanjali, Advaita, Vishishtadvaita, Samkhya.<span style="color: #ffffff;">ESTIMONIALS</span></p>
<h2 style="text-align: center;">SO FINDEN SIE UNS</h2>
<p style="text-align: center;"><strong>In der Nähe zur Großstadt Köln</strong></p>
<p><strong>VEDHARMA Netzwerk</strong><br />
Am Fließ 21 | 50181 Bedburg</p>
<p>TELEFON &amp; FAX</p>
<p>Information<br />
+49 (0) 2463 9973 -66 | +49 (0) 2463 6528808</p>
<p>Anrufe aus dem Ausland:<br />
+ 49 2463 7948701</p>
<p>+49 (0)2463 9936337</p>
<p>Email:</p>
<div class="wpb_text_column wpb_content_element ">
<div class="wpb_wrapper">
<p>info@vedharma.de</p>
</div>
</div>

<p>UNSERE TÄTIGKEITSFELDER Bildung, Frieden, Soziales, globales Miteinander, Interkulturalität, Gesundheit, Salutogenese, Humanitäre Hilfe, Soziale Sicherheit, Umwelt, Klimawandel und Entwicklung BILDUNG &amp; SOZIALES Bildung dient der vollständigen Entwicklung der Kinder und Jugendlichen. Nachhaltige Bildung, die Bewusstsein, Werte, Einstellung, ethische Werte, emphatisches Verhalten und Charakterbildung beinhaltet. Ziel unserer Aktivitäten ist die Schaffung günstigerer Voraussetzungen für die Entfaltung menschlicher Potenziale, speziell im Bereich Erziehung und Bildung sowie auf der Ebene der politischen und wirtschaftlichen Führung. Aus- und Weiterbildung im Bereich der Kommunikation und Führung. Basierend auf einem positives Lernumfeld – geprägt durch gegenseitige Unterstützung und Achtsamkeit – jedem Mitglied die Möglichkeit zu geben, Kommunikationsfähigkeiten und Führungsqualitäten zu erlernen. In der Integrationsarbeit mit Migranten, vermitteln wir auch Deutsch für Ausländer. Inklusive Lernsettings fördern die Gehirnentwicklung, Deshalb setzen wir uns auch für gehirngerechtes Lernern und Beziehungslernen&#8230;</p>
